rime?
False
Is 7414574 composite?
True
Is 15863002 a composite number?
True
Is 999509 composite?
True
Is 22495861 a composite number?
True
Is 86050421 composite?
False
Is 128480117 composite?
True
Is 542065 composite?
True
Is 40077617 composite?
False
Is 142951493 prime?
True
Is 16088663 prime?
True
Is 2890597 composite?
False
Is 1526857 a composite number?
True
Is 7446139 prime?
False
Is 5647721 a prime number?
False
Is 5302711 a prime number?
False
Is 422243021 a composite number?
False
Is 196787 a prime number?
False
Is 273433 composite?
False
Is 121398059 prime?
True
Is 944630851 a composite number?
False
Is 6054011 composite?
True
Is 8129129 a prime number?
True
Is 6458587 prime?
True
Is 232446883 a composite number?
True
Is 379067573 prime?
True
Is 24785267 a prime number?
False
Is 74686319 a prime number?
False
Is 600031 prime?
False
Is 872159 a prime number?
True
Is 14467351 a prime number?
True
Is 14609729 composite?
False
Is 432769 prime?
False
Is 13670143 a composite number?
False
Is 8551931 prime?
True
Is 16358623 composite?
False
Is 12947089 prime?
False
Is 13686059 prime?
True
Is 80562817 a composite number?
False
Is 92877227 a composite number?
True
Is 49309955 a composite number?
True
Is 430493831 prime?
False
Is 10198373 a prime number?
True
Is 78582247 a composite number?
False
Is 265943 a prime number?
False
Is 3724537 composite?
False
Is 73977193 prime?
False
Is 432100147 composite?
True
Is 154745069 prime?
True
Is 121489373 a composite number?
True
Is 214064923 a composite number?
False
Is 366763 composite?
True
Is 8780837 prime?
False
Is 2073061 a composite number?
False
Is 4668511 prime?
True
Is 12865631 a composite number?
False
Is 1230239 composite?
True
Is 40981454 a prime number?
False
Is 9142483 a composite number?
True
Is 16922023 prime?
True
Is 33006023 composite?
True
Is 2699057 a prime number?
False
Is 161981 prime?
False
Is 131413 a composite number?
False
Is 1849721 a prime number?
True
Is 811087 a composite number?
True
Is 15142549 composite?
True
Is 360803 prime?
True
Is 6646193 a prime number?
True
Is 198846857 composite?
True
Is 31278377 composite?
True
Is 24548123 composite?
True
Is 5380541 composite?
True
Is 632839 prime?
True
Is 2881583 a prime number?
False
Is 8565763 a composite number?
True
Is 27905623 composite?
True
Is 79303613 composite?
False
Is 2695493 a prime number?
True
Is 901063 composite?
False
Is 32157721 composite?
False
Is 19057819 a composite number?
True
Is 1796269 composite?
False
Is 10331227 composite?
False
Is 69191953 prime?
True
Is 10080869 a composite number?
False
Is 8191723 prime?
False
Is 36658547 a composite number?
False
Is 41063039 composite?
False
Is 325460033 prime?
False
Is 5778161 a composite number?
False
Is 2331877 a prime number?
False
Is 418129 a composite number?
False
Is 51986491 a prime number?
False
Is 479789785 prime?
False
Is 23154277 a prime number?
True
Is 51579943 prime?
False
Is 145468739 composite?
True
Is 4819319 prime?
True
Is 161780501 composite?
False
Is 60394279 prime?
False
Is 1482287 a composite number?
True
Is 14856121 composite?
True
Is 1526074559 a prime number?
True
Is 704119 a prime number?
False
Is 22456639 a prime number?
False
Is 25786129 a composite number?
False
Is 85102337 a composite number?
False
Is 168873619 a prime number?
True
Is 977923 composite?
False
Is 4969163 prime?
True
Is 34333483 a prime number?
False
Is 163401289 a composite number?
False
Is 146544157 a composite number?
True
Is 11698117 composite?
False
Is 35328361 composite?
False
Is 3822367 composite?
False
Is 10333189 composite?
True
Is 1200581 prime?
True
Is 370597 composite?
False
Is 45784573 composite?
True
Is 18904679 a composite number?
False
Is 5182757 prime?
True
Is 73219907 a prime number?
True
Is 72319439 prime?
False
Is 577471 composite?
False
Is 16061207 composite?
True
Is 27476707 a prime number?
False
Is 8777179 a prime number?
False
Is 7623947 a composite number?
False
Is 40558811 composite?
False
Is 548379229 a prime number?
True
Is 431003 prime?
False
Is 2908361 prime?
True
Is 264500417 a prime number?
False
Is 34642781 a prime number?
True
Is 1707721 a prime number?
False
Is 1519823 composite?
True
Is 51268289 composite?
True
Is 527928719 prime?
True
Is 53161861 a composite number?
True
Is 34070501 prime?
False
Is 73959547 a composite number?
False
Is 11715922 a composite number?
True
Is 2377559 prime?
True
Is 407047 a composite number?
False
Is 147758353 a composite number?
True
Is 287863549 prime?
False
Is 40433437 composite?
True
Is 286403339 a composite number?
True
Is 757205173 a composite number?
False
Is 10512881 composite?
True
Is 476380043 composite?
False
Is 21976601 a composite number?
False
Is 177948679 a composite number?
False
Is 1259569 composite?
False
Is 44436065 a composite number?
True
Is 2349209 a prime number?
True
Is 232958135 a prime number?
False
Is 1731979919 prime?
True
Is 35756839 prime?
True
Is 1101437 a prime number?
False
Is 22386043 prime?
True
Is 1818191 a prime number?
False
Is 167058613 prime?
True
Is 29881543 composite?
False
Is 2584355 composite?
True
Is 3894391 prime?
True
Is 15020321 prime?
False
Is 9574835 a prime number?
False
Is 161627359 composite?
True
Is 8329889 a prime number?
False
Is 11833889 composite?
True
Is 11610281 a composite number?
False
Is 2593529 prime?
True
Is 7167059 a composite number?
False
Is 514909 prime?
False
Is 3653359 prime?
True
Is 45799021 a composite number?
False
Is 1160701 prime?
False
Is 68221859 composite?
False
Is 518467 prime?
True
Is 4701218 composite?
True
Is 1393003 a prime number?
True
Is 7607851 a composite number?
True
Is 367853539 composite?
False
Is 90439813 prime?
False
Is 5796137 a prime number?
True
Is 30899003 a prime number?
True
Is 18042049 prime?
False
Is 40836311 a prime number?
True
Is 47785883 composite?
False
Is 231783883 a prime number?
True
Is 10967929 prime?
False
Is 238687705 a composite number?
True
Is 18019343 a prime number?
True
Is 876149 prime?
True
Is 14451497 a composite number?
True
Is 193747783 a prime number?
False
Is 1283663 a prime number?
False
Is 214640303 a prime number?
True
Is 26927743 a prime number?
True
Is 20248831 composite?
False
Is 120303899 a prime number?
True
Is 2308213 composite?
False
Is 12386963 a prime number?
False
Is 10154973 prime?
False
Is 4044721 a composite number?
True
Is 4346143 composite?
True
Is 16749829 a composite number?
False
Is 803813 prime?
True
Is 29760833 prime?
True
Is 31543133 a prime number?
True
Is 325939 a composite number?
False
Is 63315478 composite?
True
Is 2711197 a composite number?
False
Is 11305541 a prime number?
False
Is 5013751 a composite number?
False
Is 7993 a prime number?
True
Is 17577629 a composite number?
False
Is 774253 a composite number?
True
Is 187226359 prime?
True
Is 32491 prime?
True
Is 50498929 prime?
False
Is 549107231 a prime number?
True
Is 187951771 a prime number?
False
Is 7610903 a composite number?
True
Is 2306867 prime?
True
Is 477619 composite?
False
Is 6667211 a composite number?
True
Is 40064279 a prime number?
True
Is 1024109 prime?
False
Is 961211 a composite number?
True
Is 26040407 composite?
False
Is 54244837 a composite number?
False
Is 7517189 prime?
True
Is 4740769 a prime number?
False
Is 18875257 composite?
True
Is 64791187 a prime number?
False
Is 222493 composite?
False
Is 1120808051 a prime number?
False
Is 89829583 prime?
False
Is 27434507 composite?
False
Is 150586339 prime?
False
Is 406397 a composite number?
False
Is 8148221 a composite number?
False
Is 9878419 a prime number?
True
Is 2946107 a composite number?
False
Is 112105457 a prime number?
True
Is 943137281 prime?
False
Is 16933187 a prime number?
False
Is 346112629 a composite number?
False
Is 5226763 a prime number?
True
Is 3361069 a composite number?
True
Is 327401 prime?
True
Is 136036393 a composite number?
False
Is 36366137 prime?
True
Is 1871611 a composite number?
True
Is 199751 prime?
True
Is 173926751 a composite number?
True
Is 118655959 prime?
True
Is 120219929 a composite number?
False
Is 137515699 composite?
False
Is 100272379 composite?
False
Is 336373 prime?
True
Is 50781611 a composite number?
False
Is 57367855 a prime number?
False
Is 1811729 a prime number?
False
Is 7228